t of 2503?
3
What is the thousands digit of 81266?
1
What is the units digit of 2477?
7
What is the hundreds digit of 1893?
8
What is the hundreds digit of 91869?
8
What is the thousands digit of 1925?
1
What is the units digit of 108906?
6
What is the hundreds digit of 26362?
3
What is the hundreds digit of 5456?
4
What is the thousands digit of 2581?
2
What is the hundreds digit of 6409?
4
What is the hundreds digit of 114966?
9
What is the tens digit of 3630?
3
What is the units digit of 24867?
7
What is the hundred thousands digit of 124533?
1
What is the tens digit of 7621?
2
What is the tens digit of 8025?
2
What is the hundreds digit of 4488?
4
What is the ten thousands digit of 69549?
6
What is the hundreds digit of 26194?
1
What is the hundreds digit of 4226?
2
What is the units digit of 847?
7
What is the units digit of 19419?
9
What is the units digit of 29599?
9
What is the thousands digit of 5397?
5
What is the hundreds digit of 567?
5
What is the tens digit of 3997?
9
What is the tens digit of 16115?
1
What is the thousands digit of 2133?
2
What is the tens digit of 453?
5
What is the units digit of 3439?
9
What is the tens digit of 43340?
4
What is the units digit of 657?
7
What is the thousands digit of 3247?
3
What is the tens digit of 62055?
5
What is the thousands digit of 1421?
1
What is the tens digit of 60760?
6
What is the thousands digit of 8277?
8
What is the hundreds digit of 2132?
1
What is the units digit of 35474?
4
What is the hundreds digit of 3676?
6
What is the tens digit of 858?
5
What is the thousands digit of 50143?
0
What is the thousands digit of 38097?
8
What is the units digit of 20414?
4
What is the ten thousands digit of 68034?
6
What is the units digit of 2779?
9
What is the hundreds digit of 1589?
5
What is the units digit of 193566?
6
What is the units digit of 8392?
2
What is the tens digit of 26?
2
What is the hundreds digit of 12115?
1
What is the units digit of 1196?
6
What is the tens digit of 1564?
6
What is the ten thousands digit of 44994?
4
What is the tens digit of 33002?
0
What is the tens digit of 241?
4
What is the units digit of 14464?
4
What is the tens digit of 1105?
0
What is the tens digit of 1755?
5
What is the ten thousands digit of 66351?
6
What is the units digit of 73535?
5
What is the thousands digit of 96684?
6
What is the units digit of 7147?
7
What is the hundreds digit of 3066?
0
What is the units digit of 77143?
3
What is the hundreds digit of 24236?
2
What is the hundreds digit of 49780?
7
What is the tens digit of 18658?
5
What is the units digit of 1564?
4
What is the units digit of 120?
0
What is the tens digit of 1630?
3
What is the hundreds digit of 964?
9
What is the tens digit of 17105?
0
What is the ten thousands digit of 180052?
8
What is the thousands digit of 3759?
3
What is the thousands digit of 18512?
8
What is the units digit of 4219?
9
What is the tens digit of 18331?
3
What is the hundreds digit of 5828?
8
What is the tens digit of 1157?
5
What is the thousands digit of 8254?
8
What is the thousands digit of 5939?
5
What is the units digit of 8195?
5
What is the units digit of 6365?
5
What is the thousands digit of 7336?
7
What is the ten thousands digit of 91821?
9
What is the tens digit of 3208?
0
What is the thousands digit of 38002?
8
What is the units digit of 9747?
7
What is the hundreds digit of 1484?
4
What is the tens digit of 1709?
0
What is the ten thousands digit of 25199?
2
What is the ten thousands digit of 18290?
1
What is the tens digit of 81350?
5
What is the units digit of 17929?
9
What is the ten thousands digit of 50243?
5
What is the units digit of 84244?
4
What is the units digit of 22414?
4
What is the tens digit of 949?
4
What is the thousands digit of 1432?
1
What is the hundreds digit of 7452?
4
What is the thousands digit of 31987?
1
What is the thousands digit of 27223?
7
What is the tens digit of 647?
4
What is the ten thousands digit of 30929?
3
What is the hundreds digit of 2607?
6
What is the hundreds digit of 426?
4
What is the tens digit of 2502?
0
What is the units digit of 34198?
8
What is the thousands digit of 108316?
8
What is the units digit of 35109?
9
What is the units digit of 53648?
8
What is the units digit of 280?
0
What is the units digit of 26454?
4
What is the units digit of 8354?
4
What is the ten thousands digit of 52080?
5
What is the tens digit of 1676?
7
What is the thousands digit of 1050?
1
What is the tens digit of 17353?
5
What is the units digit of 2728?
8
What is the hundred thousands digit of 115818?
1
What is the hundreds digit of 450?
4
What is the thousands digit of 76736?
6
What is the ten thousands digit of 82616?
8
What is the tens digit of 42020?
2
What is the hundreds digit of 188?
1
What is the thousands digit of 14316?
4
What is the units digit of 1541?
1
What is the units digit of 1528?
8
What is the tens digit of 6105?
0
What is the tens digit of 61394?
9
What is the tens digit of 189?
8
What is the tens digit of 4598?
9
What is the tens digit of 12735?
3
What is the units digit of 20538?
8
What is the units digit of 15809?
9
What is the thousands digit of 17436?
7
What is the thousands digit of 10850?
0
What is the thousands digit of 1383?
1
What is the hundreds digit of 392?
3
What is the ten thousands digit of 41698?
4
What is the hundreds digit of 1129?
1
What is the thousands digit of 2702?
2
What is the tens digit of 3375?
7
What is the hundreds digit of 2057?
0
What is the units digit of 993?
3
What is the tens digit of 14549?
4
What is the ten thousands digit of 48145?
4
What is the thousands digit of 49328?
9
What is the thousands digit of 1062?
1
What is the thousands digit of 4258?
4
What is the tens digit of 45?
4
What is the thousands digit of 48144?
8
What is the thousands digit of 3021?
3
What is the units digit of 2512?
2
What is the thousands digit of 2446?
2
What is the tens digit of 77973?
7
What is the thousands digit of 1276?
1
What is the thousands digit of 14308?
4
What is the thousands digit of 11832?
1
What is the hundreds digit of 1212?
2
What is the units digit of 1645?
5
What is the tens digit of 52368?
6
What is the thousands digit of 1116?
1
What is the thousands digit of 34042?
4
What is the thousands digit of 3651?
3
What is the ten thousands digit of 14105?
1
What is the tens digit of 3069?
6
What is the hundreds digit of 18488?
4
What is the hundreds digit of 2218?
2
What is the units digit of 2182?
2
What is the thousands digit of 10846?
0
What is the units digit of 25958?
8
What is the hundreds digit of 6196?
1
What is the units digit of 1207?
7
What is the thousands digit of 4266?
4
What is the hundreds digit of 965?
9
What is the units digit of 46?
6
What is the hundreds digit of 3091?
0
What is the thousands digit of 97173?
7
What is the hundreds digit of 2167?
1
What is the hundred thousands digit of 112683?
1
What is the hundreds digit of 6058?
0
What is the units digit of 531?
1
What is the ten thousands digit of 26254?
2
What is the tens digit of 2459?
5
What is the hundreds digit of 26814?
8
What is the units digit of 556?
6
What is the hundreds digit of 10668?
6
What is the units digit of 6844?
4
What is the tens digit of 42060?
6
What is the tens digit of 2775?
7
What is the hundreds digit of 79532?
5
What is the hundreds digit of 51649?
6
What is the thousands digit of 13988?
3
What is the thousands digit of 1289?
1
What is the ten thousands digit of 16299?
1
What is the thousands digit of 6408?
6
What is the tens digit of 3643?
4
What is the tens digit of 27093?
9
What is the tens digit of 7189?
8
What is the units digit of 5993?
3
What is the tens digit of 292?
9
What is the hundreds digit of 150190?
1
What is the tens digit of 1436?
3
What is the ten thousands digit of 37812?
3
What is the units digit of 45666?
6
What is the thousands digit of 38104?
8
What is the units digit of 47759?
9
What is the tens digit of 721?
2
What is the thousands digit of 15787?
5
What is the hundreds digit of 12334?
3
What is the tens digit of 98947?
4
What is the thousands digit of 49715?
9
What is the hundreds digit of 161534?
5
What is the units digit of 736?
6
What is the units digit of 4552?
2
What is the thousands digit of 4858?
4
What is the